 divisor of 70 and 1610?
70
Calculate the highest common divisor of 40 and 592.
8
Calculate the greatest common divisor of 10 and 830.
10
What is the greatest common divisor of 408 and 255?
51
Calculate the greatest common factor of 14 and 1358.
14
What is the highest common divisor of 1544 and 5983?
193
What is the greatest common divisor of 815 and 978?
163
What is the highest common factor of 181 and 25159?
181
Calculate the highest common factor of 39 and 897.
39
Calculate the highest common factor of 22 and 374.
22
Calculate the greatest common divisor of 8996 and 52.
52
What is the greatest common divisor of 3150 and 70?
70
What is the highest common divisor of 52 and 754?
26
What is the greatest common factor of 49 and 385?
7
What is the greatest common factor of 41 and 1?
1
Calculate the greatest common divisor of 1968 and 123.
123
Calculate the greatest common divisor of 891 and 243.
81
Calculate the greatest common divisor of 12 and 1320.
12
Calculate the greatest common divisor of 59 and 9.
1
What is the greatest common divisor of 180 and 8?
4
Calculate the highest common factor of 6198 and 12.
6
Calculate the greatest common divisor of 412 and 1751.
103
What is the greatest common factor of 192 and 147?
3
What is the greatest common divisor of 4740 and 180?
60
What is the highest common divisor of 341 and 209?
11
What is the highest common divisor of 703 and 19?
19
What is the greatest common factor of 646 and 136?
34
Calculate the highest common factor of 264 and 33.
33
What is the greatest common factor of 235 and 10105?
235
What is the highest common divisor of 15 and 15?
15
What is the greatest common divisor of 70 and 14?
14
Calculate the greatest common divisor of 66 and 6.
6
What is the highest common divisor of 1470 and 30?
30
What is the greatest common factor of 2090 and 76?
38
Calculate the highest common divisor of 176 and 55.
11
What is the greatest common factor of 110 and 3630?
110
Calculate the greatest common factor of 12 and 136.
4
Calculate the highest common factor of 2842 and 98.
98
What is the greatest common divisor of 187 and 24497?
187
Calculate the highest common divisor of 100 and 20.
20
What is the highest common factor of 102 and 1088?
34
Calculate the highest common factor of 9718 and 1130.
226
Calculate the greatest common divisor of 39 and 299.
13
What is the highest common factor of 623 and 445?
89
Calculate the highest common factor of 182 and 14.
14
What is the greatest common divisor of 24 and 9544?
8
Calculate the greatest common factor of 440 and 1430.
110
What is the greatest common divisor of 648 and 24?
24
Calculate the greatest common divisor of 260 and 416.
52
Calculate the highest common divisor of 25 and 1325.
25
What is the highest common factor of 8 and 776?
8
What is the greatest common divisor of 113 and 31753?
113
What is the highest common divisor of 7 and 4886?
7
Calculate the highest common factor of 138 and 384.
6
Calculate the greatest common divisor of 52 and 2684.
4
Calculate the greatest common factor of 44 and 902.
22
Calculate the highest common factor of 14 and 2506.
14
What is the greatest common divisor of 9 and 6246?
9
What is the greatest common divisor of 816 and 102?
102
What is the highest common divisor of 55 and 88?
11
Calculate the highest common factor of 170 and 1700.
170
Calculate the highest common divisor of 4 and 188.
4
Calculate the greatest common factor of 88 and 682.
22
What is the greatest common divisor of 5778 and 54?
54
What is the highest common factor of 702 and 162?
54
What is the highest common divisor of 3377 and 77?
11
Calculate the greatest common divisor of 301 and 7.
7
What is the greatest common divisor of 14 and 22?
2
What is the highest common divisor of 7101 and 54?
27
Calculate the highest common factor of 924 and 84.
84
What is the greatest common divisor of 29 and 203?
29
Calculate the greatest common factor of 32 and 340.
4
Calculate the greatest common factor of 17 and 43469.
17
Calculate the highest common divisor of 828 and 108.
36
Calculate the greatest common factor of 188 and 4606.
94
What is the highest common factor of 66 and 363?
33
Calculate the highest common divisor of 714 and 84.
42
Calculate the highest common factor of 40 and 830.
10
What is the greatest common divisor of 276 and 30?
6
What is the highest common factor of 1886 and 574?
82
Calculate the greatest common divisor of 404 and 4343.
101
What is the highest common divisor of 11 and 38995?
11
What is the greatest common factor of 171 and 6327?
171
Calculate the greatest common divisor of 72 and 32.
8
Calculate the greatest common divisor of 62 and 35154.
62
Calculate the highest common divisor of 8489 and 13.
13
What is the highest common factor of 75 and 175?
25
What is the highest common divisor of 12496 and 32?
16
What is the greatest common divisor of 184 and 851?
23
What is the greatest common factor of 84 and 861?
21
Calculate the highest common divisor of 36579 and 801.
267
Calculate the greatest common factor of 176 and 396.
44
What is the greatest common divisor of 2185 and 779?
19
Calculate the highest common divisor of 34 and 646.
34
Calculate the highest common factor of 28 and 448.
28
Calculate the highest common factor of 425 and 125.
25
What is the highest common divisor of 1045 and 380?
95
Calculate the highest common divisor of 470 and 4042.
94
What is the highest common divisor of 9261 and 27?
27
Calculate the highest common factor of 6 and 138.
6
Calculate the highest common divisor of 1928 and 8.
8
Calculate the greatest common factor of 105 and 700.
35
What is the greatest common factor of 3774 and 222?
222
Calculate the highest common factor of 845 and 5.
5
Calculate the greatest common factor of 72 and 2292.
12
What is the highest common factor of 72 and 40?
8
Calculate the greatest common divisor of 6835 and 5.
5
What is the highest common factor of 20 and 4?
4
Calculate the greatest common factor of 28 and 3500.
28
Calculate the greatest common factor of 34 and 102.
34
What is the highest common divisor of 950 and 200?
50
Calculate the greatest common factor of 1316 and 28.
28
What is the greatest common factor of 10 and 3515?
5
Calculate the highest common divisor of 2533 and 17.
17
What is the greatest common factor of 56 and 72?
8
What is the greatest common divisor of 66 and 17556?
66
What is the highest common divisor of 3018 and 6?
6
Calculate the highest common factor of 36 and 132.
12
Calculate the greatest common factor of 196 and 42.
14
Calculate the greatest common divisor of 544 and 17.
17
What is the greatest common factor of 115 and 19228?
23
Calculate the greatest common factor of 855 and 360.
45
What is the greatest common factor of 5 and 1255?
5
Calculate the greatest common factor of 572 and 66.
22
What is the highest common divisor of 222 and 5106?
222
What is the highest common factor of 184 and 138?
46
What is the highest common factor of 6168 and 72?
24
Calculate the greatest common divisor of 13243 and 2261.
323
Calculate the greatest common factor of 9816 and 48.
24
What is the greatest common divisor of 168 and 4592?
56
Calculate the greatest common factor of 110 and 1474.
22
What is the highest common divisor of 102 and 18?
6
What is the greatest common factor of 25 and 2730?
5
What is the greatest common divisor of 3403 and 83?
83
Calculate the greatest common factor of 493 and 29.
29
What is the highest common factor of 872 and 40?
8
What is the greatest common factor of 36 and 20?
4
What is the highest common factor of 3144 and 216?
24
Calculate the greatest common factor of 516 and 48.
12
Calculate the greatest common factor of 164 and 4.
4
What is the greatest common factor of 105 and 1435?
35
What is the greatest common divisor of 198 and 495?
99
Calculate the greatest common factor of 109 and 13843.
109
What is the highest common divisor of 87 and 319?
29
What is the highest common divisor of 75 and 90?
15
What is the greatest common factor of 6 and 2742?
6
What is the highest common factor of 12 and 1830?
6
What is the greatest common factor of 56 and 56?
56
What is the highest common divisor of 100 and 80?
20
What is the greatest common divisor of 8 and 509?
1
What is the highest common divisor 